{"id":845,"date":"2018-08-01T19:14:47","date_gmt":"2018-08-01T22:14:47","guid":{"rendered":"http:\/\/limagesrl.com.ar\/?post_type=product&#038;p=845"},"modified":"2018-10-09T08:09:47","modified_gmt":"2018-10-09T11:09:47","slug":"sh210","status":"publish","type":"product","link":"https:\/\/limage.com.py\/index.php\/producto\/sh210\/","title":{"rendered":"SH210"},"content":{"rendered":"","protected":false},"excerpt":{"rendered":"<p>El ventilador SH210 de emergencia y transporte est\u00e1 dise\u00f1ado para manejar la respiraci\u00f3n, ofrecer distintos modos de suministro de respiraci\u00f3n y ayudar al profesional a seleccionar las configuraciones de ventilaci\u00f3n m\u00e1s adecuadas. El equipo cuenta con una pantalla 5.6\u201d TFT que muestran datos monitoreados de forma separada de las configuraciones del ventilador para una f\u00e1cil evaluaci\u00f3n de la condici\u00f3n de su paciente.<br \/>\n<a class=\"maxbutton-1 maxbutton maxbutton-desfri\" target=\"_blank\" rel=\"noopener\" href=\"http:\/\/limagesrl.com.ar\/wp-content\/uploads\/2018\/10\/Respiradores.pdf\"><span class='mb-text'>Ficha T\u00e9cnica<\/span><\/a><\/p>\n","protected":false},"featured_media":1153,"comment_status":"closed","ping_status":"closed","template":"","meta":[],"yoast_head":"<!-- This site is optimized with the Yoast SEO plugin v19.1 - https:\/\/yoast.com\/wordpress\/plugins\/seo\/ -->\n<title>SH210 ~ Limage S.R.L<\/title>\n<meta name=\"robots\" content=\"index, follow, max-snippet:-1, max-image-preview:large, max-video-preview:-1\" \/>\n<link rel=\"canonical\" href=\"https:\/\/limage.com.py\/index.php\/producto\/sh210\/\" \/>\n<meta property=\"og:locale\" content=\"es_ES\" \/>\n<meta property=\"og:type\" content=\"article\" \/>\n<meta property=\"og:title\" content=\"SH210 ~ Limage S.R.L\" \/>\n<meta property=\"og:description\" content=\"El ventilador SH210 de emergencia y transporte est\u00e1 dise\u00f1ado para manejar la respiraci\u00f3n, ofrecer distintos modos de suministro de respiraci\u00f3n y ayudar al profesional a seleccionar las configuraciones de ventilaci\u00f3n m\u00e1s adecuadas. El equipo cuenta con una pantalla 5.6\u201d TFT que muestran datos monitoreados de forma separada de las configuraciones del ventilador para una f\u00e1cil evaluaci\u00f3n de la condici\u00f3n de su paciente.\" \/>\n<meta property=\"og:url\" content=\"https:\/\/limage.com.py\/index.php\/producto\/sh210\/\" \/>\n<meta property=\"og:site_name\" content=\"Limage S.R.L\" \/>\n<meta property=\"article:modified_time\" content=\"2018-10-09T11:09:47+00:00\" \/>\n<meta property=\"og:image\" content=\"https:\/\/limage.com.py\/wp-content\/uploads\/2018\/08\/0001_SH210-475x317.jpg\" \/>\n\t<meta property=\"og:image:width\" content=\"475\" \/>\n\t<meta property=\"og:image:height\" content=\"408\" \/>\n\t<meta property=\"og:image:type\" content=\"image\/jpeg\" \/>\n<meta name=\"twitter:card\" content=\"summary_large_image\" \/>\n<script type=\"application\/ld+json\" class=\"yoast-schema-graph\">{\"@context\":\"https:\/\/schema.org\",\"@graph\":[{\"@type\":\"WebSite\",\"@id\":\"http:\/\/limage.com.py\/#website\",\"url\":\"http:\/\/limage.com.py\/\",\"name\":\"Limage S.R.L\",\"description\":\"Tecnologia Medica\",\"potentialAction\":[{\"@type\":\"SearchAction\",\"target\":{\"@type\":\"EntryPoint\",\"urlTemplate\":\"http:\/\/limage.com.py\/?s={search_term_string}\"},\"query-input\":\"required name=search_term_string\"}],\"inLanguage\":\"es-AR\"},{\"@type\":\"ImageObject\",\"inLanguage\":\"es-AR\",\"@id\":\"https:\/\/limage.com.py\/index.php\/producto\/sh210\/#primaryimage\",\"url\":\"https:\/\/limage.com.py\/wp-content\/uploads\/2018\/08\/0001_SH210-475x317.jpg\",\"contentUrl\":\"https:\/\/limage.com.py\/wp-content\/uploads\/2018\/08\/0001_SH210-475x317.jpg\",\"width\":475,\"height\":408},{\"@type\":\"WebPage\",\"@id\":\"https:\/\/limage.com.py\/index.php\/producto\/sh210\/#webpage\",\"url\":\"https:\/\/limage.com.py\/index.php\/producto\/sh210\/\",\"name\":\"SH210 ~ Limage S.R.L\",\"isPartOf\":{\"@id\":\"http:\/\/limage.com.py\/#website\"},\"primaryImageOfPage\":{\"@id\":\"https:\/\/limage.com.py\/index.php\/producto\/sh210\/#primaryimage\"},\"datePublished\":\"2018-08-01T22:14:47+00:00\",\"dateModified\":\"2018-10-09T11:09:47+00:00\",\"breadcrumb\":{\"@id\":\"https:\/\/limage.com.py\/index.php\/producto\/sh210\/#breadcrumb\"},\"inLanguage\":\"es-AR\",\"potentialAction\":[{\"@type\":\"ReadAction\",\"target\":[\"https:\/\/limage.com.py\/index.php\/producto\/sh210\/\"]}]},{\"@type\":\"BreadcrumbList\",\"@id\":\"https:\/\/limage.com.py\/index.php\/producto\/sh210\/#breadcrumb\",\"itemListElement\":[{\"@type\":\"ListItem\",\"position\":1,\"name\":\"Inicio\",\"item\":\"http:\/\/limage.com.py\/\"},{\"@type\":\"ListItem\",\"position\":2,\"name\":\"Productos\",\"item\":\"http:\/\/limage.com.py\/index.php\/shop\/\"},{\"@type\":\"ListItem\",\"position\":3,\"name\":\"SH210\"}]}]}<\/script>\n<!-- \/ Yoast SEO plugin. -->","yoast_head_json":{"title":"SH210 ~ Limage S.R.L","robots":{"index":"index","follow":"follow","max-snippet":"max-snippet:-1","max-image-preview":"max-image-preview:large","max-video-preview":"max-video-preview:-1"},"canonical":"https:\/\/limage.com.py\/index.php\/producto\/sh210\/","og_locale":"es_ES","og_type":"article","og_title":"SH210 ~ Limage S.R.L","og_description":"El ventilador SH210 de emergencia y transporte est\u00e1 dise\u00f1ado para manejar la respiraci\u00f3n, ofrecer distintos modos de suministro de respiraci\u00f3n y ayudar al profesional a seleccionar las configuraciones de ventilaci\u00f3n m\u00e1s adecuadas. El equipo cuenta con una pantalla 5.6\u201d TFT que muestran datos monitoreados de forma separada de las configuraciones del ventilador para una f\u00e1cil evaluaci\u00f3n de la condici\u00f3n de su paciente.","og_url":"https:\/\/limage.com.py\/index.php\/producto\/sh210\/","og_site_name":"Limage S.R.L","article_modified_time":"2018-10-09T11:09:47+00:00","og_image":[{"width":475,"height":408,"url":"https:\/\/limage.com.py\/wp-content\/uploads\/2018\/08\/0001_SH210-475x317.jpg","type":"image\/jpeg"}],"twitter_card":"summary_large_image","schema":{"@context":"https:\/\/schema.org","@graph":[{"@type":"WebSite","@id":"http:\/\/limage.com.py\/#website","url":"http:\/\/limage.com.py\/","name":"Limage S.R.L","description":"Tecnologia Medica","potentialAction":[{"@type":"SearchAction","target":{"@type":"EntryPoint","urlTemplate":"http:\/\/limage.com.py\/?s={search_term_string}"},"query-input":"required name=search_term_string"}],"inLanguage":"es-AR"},{"@type":"ImageObject","inLanguage":"es-AR","@id":"https:\/\/limage.com.py\/index.php\/producto\/sh210\/#primaryimage","url":"https:\/\/limage.com.py\/wp-content\/uploads\/2018\/08\/0001_SH210-475x317.jpg","contentUrl":"https:\/\/limage.com.py\/wp-content\/uploads\/2018\/08\/0001_SH210-475x317.jpg","width":475,"height":408},{"@type":"WebPage","@id":"https:\/\/limage.com.py\/index.php\/producto\/sh210\/#webpage","url":"https:\/\/limage.com.py\/index.php\/producto\/sh210\/","name":"SH210 ~ Limage S.R.L","isPartOf":{"@id":"http:\/\/limage.com.py\/#website"},"primaryImageOfPage":{"@id":"https:\/\/limage.com.py\/index.php\/producto\/sh210\/#primaryimage"},"datePublished":"2018-08-01T22:14:47+00:00","dateModified":"2018-10-09T11:09:47+00:00","breadcrumb":{"@id":"https:\/\/limage.com.py\/index.php\/producto\/sh210\/#breadcrumb"},"inLanguage":"es-AR","potentialAction":[{"@type":"ReadAction","target":["https:\/\/limage.com.py\/index.php\/producto\/sh210\/"]}]},{"@type":"BreadcrumbList","@id":"https:\/\/limage.com.py\/index.php\/producto\/sh210\/#breadcrumb","itemListElement":[{"@type":"ListItem","position":1,"name":"Inicio","item":"http:\/\/limage.com.py\/"},{"@type":"ListItem","position":2,"name":"Productos","item":"http:\/\/limage.com.py\/index.php\/shop\/"},{"@type":"ListItem","position":3,"name":"SH210"}]}]}},"amp_enabled":true,"_links":{"self":[{"href":"https:\/\/limage.com.py\/index.php\/wp-json\/wp\/v2\/product\/845"}],"collection":[{"href":"https:\/\/limage.com.py\/index.php\/wp-json\/wp\/v2\/product"}],"about":[{"href":"https:\/\/limage.com.py\/index.php\/wp-json\/wp\/v2\/types\/product"}],"replies":[{"embeddable":true,"href":"https:\/\/limage.com.py\/index.php\/wp-json\/wp\/v2\/comments?post=845"}],"wp:featuredmedia":[{"embeddable":true,"href":"https:\/\/limage.com.py\/index.php\/wp-json\/wp\/v2\/media\/1153"}],"wp:attachment":[{"href":"https:\/\/limage.com.py\/index.php\/wp-json\/wp\/v2\/media?parent=845"}],"curies":[{"name":"wp","href":"https:\/\/api.w.org\/{rel}","templated":true}]}}