{"id":837,"date":"2018-08-01T19:02:25","date_gmt":"2018-08-01T22:02:25","guid":{"rendered":"http:\/\/limagesrl.com.ar\/?post_type=product&#038;p=837"},"modified":"2018-10-09T08:23:50","modified_gmt":"2018-10-09T11:23:50","slug":"zenith-c-60-para-rm","status":"publish","type":"product","link":"https:\/\/limage.com.py\/index.php\/producto\/zenith-c-60-para-rm\/","title":{"rendered":"Zenith C-60 para RM"},"content":{"rendered":"","protected":false},"excerpt":{"rendered":"<p>Especialmente dise\u00f1ado para proporcionar un medio de contraste y una soluci\u00f3n salina en equipos de resonancia magn\u00e9tica. Puede funcionar adecuadamente en el entorno de un fuerte campo magn\u00e9tico y no produce ninguna interferencia en las im\u00e1genes. Su m\u00e1ximo caudal es 10 ml\/s. Un protocolo de inyecci\u00f3n permite la configuraci\u00f3n de un m\u00e1ximo de seis fases. El l\u00edmite de presi\u00f3n se configura a 300 psi en f\u00e1brica. El sistema puede almacenar un m\u00e1ximo de 100 protocolos de inyecci\u00f3n.<br \/>\n<a class=\"maxbutton-1 maxbutton maxbutton-desfri\" target=\"_blank\" rel=\"noopener\" href=\"http:\/\/limagesrl.com.ar\/wp-content\/uploads\/2018\/10\/Inyectoras-Seacrown-.jpg\"><span class='mb-text'>Ficha T\u00e9cnica<\/span><\/a><\/p>\n","protected":false},"featured_media":1033,"comment_status":"closed","ping_status":"closed","template":"","meta":[],"yoast_head":"<!-- This site is optimized with the Yoast SEO plugin v19.1 - https:\/\/yoast.com\/wordpress\/plugins\/seo\/ -->\n<title>Zenith C-60 para RM ~ Limage S.R.L<\/title>\n<meta name=\"robots\" content=\"index, follow, max-snippet:-1, max-image-preview:large, max-video-preview:-1\" \/>\n<link rel=\"canonical\" href=\"https:\/\/limage.com.py\/index.php\/producto\/zenith-c-60-para-rm\/\" \/>\n<meta property=\"og:locale\" content=\"es_ES\" \/>\n<meta property=\"og:type\" content=\"article\" \/>\n<meta property=\"og:title\" content=\"Zenith C-60 para RM ~ Limage S.R.L\" \/>\n<meta property=\"og:description\" content=\"Especialmente dise\u00f1ado para proporcionar un medio de contraste y una soluci\u00f3n salina en equipos de resonancia magn\u00e9tica. Puede funcionar adecuadamente en el entorno de un fuerte campo magn\u00e9tico y no produce ninguna interferencia en las im\u00e1genes. Su m\u00e1ximo caudal es 10 ml\/s. Un protocolo de inyecci\u00f3n permite la configuraci\u00f3n de un m\u00e1ximo de seis fases. El l\u00edmite de presi\u00f3n se configura a 300 psi en f\u00e1brica. El sistema puede almacenar un m\u00e1ximo de 100 protocolos de inyecci\u00f3n.\" \/>\n<meta property=\"og:url\" content=\"https:\/\/limage.com.py\/index.php\/producto\/zenith-c-60-para-rm\/\" \/>\n<meta property=\"og:site_name\" content=\"Limage S.R.L\" \/>\n<meta property=\"article:modified_time\" content=\"2018-10-09T11:23:50+00:00\" \/>\n<meta property=\"og:image\" content=\"https:\/\/limage.com.py\/wp-content\/uploads\/2018\/08\/image003-1-1.png\" \/>\n\t<meta property=\"og:image:width\" content=\"311\" \/>\n\t<meta property=\"og:image:height\" content=\"342\" \/>\n\t<meta property=\"og:image:type\" content=\"image\/png\" \/>\n<meta name=\"twitter:card\" content=\"summary_large_image\" \/>\n<script type=\"application\/ld+json\" class=\"yoast-schema-graph\">{\"@context\":\"https:\/\/schema.org\",\"@graph\":[{\"@type\":\"WebSite\",\"@id\":\"http:\/\/limage.com.py\/#website\",\"url\":\"http:\/\/limage.com.py\/\",\"name\":\"Limage S.R.L\",\"description\":\"Tecnologia Medica\",\"potentialAction\":[{\"@type\":\"SearchAction\",\"target\":{\"@type\":\"EntryPoint\",\"urlTemplate\":\"http:\/\/limage.com.py\/?s={search_term_string}\"},\"query-input\":\"required name=search_term_string\"}],\"inLanguage\":\"es-AR\"},{\"@type\":\"ImageObject\",\"inLanguage\":\"es-AR\",\"@id\":\"https:\/\/limage.com.py\/index.php\/producto\/zenith-c-60-para-rm\/#primaryimage\",\"url\":\"https:\/\/limage.com.py\/wp-content\/uploads\/2018\/08\/image003-1-1.png\",\"contentUrl\":\"https:\/\/limage.com.py\/wp-content\/uploads\/2018\/08\/image003-1-1.png\",\"width\":311,\"height\":342},{\"@type\":\"WebPage\",\"@id\":\"https:\/\/limage.com.py\/index.php\/producto\/zenith-c-60-para-rm\/#webpage\",\"url\":\"https:\/\/limage.com.py\/index.php\/producto\/zenith-c-60-para-rm\/\",\"name\":\"Zenith C-60 para RM ~ Limage S.R.L\",\"isPartOf\":{\"@id\":\"http:\/\/limage.com.py\/#website\"},\"primaryImageOfPage\":{\"@id\":\"https:\/\/limage.com.py\/index.php\/producto\/zenith-c-60-para-rm\/#primaryimage\"},\"datePublished\":\"2018-08-01T22:02:25+00:00\",\"dateModified\":\"2018-10-09T11:23:50+00:00\",\"breadcrumb\":{\"@id\":\"https:\/\/limage.com.py\/index.php\/producto\/zenith-c-60-para-rm\/#breadcrumb\"},\"inLanguage\":\"es-AR\",\"potentialAction\":[{\"@type\":\"ReadAction\",\"target\":[\"https:\/\/limage.com.py\/index.php\/producto\/zenith-c-60-para-rm\/\"]}]},{\"@type\":\"BreadcrumbList\",\"@id\":\"https:\/\/limage.com.py\/index.php\/producto\/zenith-c-60-para-rm\/#breadcrumb\",\"itemListElement\":[{\"@type\":\"ListItem\",\"position\":1,\"name\":\"Inicio\",\"item\":\"http:\/\/limage.com.py\/\"},{\"@type\":\"ListItem\",\"position\":2,\"name\":\"Productos\",\"item\":\"http:\/\/limage.com.py\/index.php\/shop\/\"},{\"@type\":\"ListItem\",\"position\":3,\"name\":\"Zenith C-60 para RM\"}]}]}<\/script>\n<!-- \/ Yoast SEO plugin. -->","yoast_head_json":{"title":"Zenith C-60 para RM ~ Limage S.R.L","robots":{"index":"index","follow":"follow","max-snippet":"max-snippet:-1","max-image-preview":"max-image-preview:large","max-video-preview":"max-video-preview:-1"},"canonical":"https:\/\/limage.com.py\/index.php\/producto\/zenith-c-60-para-rm\/","og_locale":"es_ES","og_type":"article","og_title":"Zenith C-60 para RM ~ Limage S.R.L","og_description":"Especialmente dise\u00f1ado para proporcionar un medio de contraste y una soluci\u00f3n salina en equipos de resonancia magn\u00e9tica. Puede funcionar adecuadamente en el entorno de un fuerte campo magn\u00e9tico y no produce ninguna interferencia en las im\u00e1genes. Su m\u00e1ximo caudal es 10 ml\/s. Un protocolo de inyecci\u00f3n permite la configuraci\u00f3n de un m\u00e1ximo de seis fases. El l\u00edmite de presi\u00f3n se configura a 300 psi en f\u00e1brica. El sistema puede almacenar un m\u00e1ximo de 100 protocolos de inyecci\u00f3n.","og_url":"https:\/\/limage.com.py\/index.php\/producto\/zenith-c-60-para-rm\/","og_site_name":"Limage S.R.L","article_modified_time":"2018-10-09T11:23:50+00:00","og_image":[{"width":311,"height":342,"url":"https:\/\/limage.com.py\/wp-content\/uploads\/2018\/08\/image003-1-1.png","type":"image\/png"}],"twitter_card":"summary_large_image","schema":{"@context":"https:\/\/schema.org","@graph":[{"@type":"WebSite","@id":"http:\/\/limage.com.py\/#website","url":"http:\/\/limage.com.py\/","name":"Limage S.R.L","description":"Tecnologia Medica","potentialAction":[{"@type":"SearchAction","target":{"@type":"EntryPoint","urlTemplate":"http:\/\/limage.com.py\/?s={search_term_string}"},"query-input":"required name=search_term_string"}],"inLanguage":"es-AR"},{"@type":"ImageObject","inLanguage":"es-AR","@id":"https:\/\/limage.com.py\/index.php\/producto\/zenith-c-60-para-rm\/#primaryimage","url":"https:\/\/limage.com.py\/wp-content\/uploads\/2018\/08\/image003-1-1.png","contentUrl":"https:\/\/limage.com.py\/wp-content\/uploads\/2018\/08\/image003-1-1.png","width":311,"height":342},{"@type":"WebPage","@id":"https:\/\/limage.com.py\/index.php\/producto\/zenith-c-60-para-rm\/#webpage","url":"https:\/\/limage.com.py\/index.php\/producto\/zenith-c-60-para-rm\/","name":"Zenith C-60 para RM ~ Limage S.R.L","isPartOf":{"@id":"http:\/\/limage.com.py\/#website"},"primaryImageOfPage":{"@id":"https:\/\/limage.com.py\/index.php\/producto\/zenith-c-60-para-rm\/#primaryimage"},"datePublished":"2018-08-01T22:02:25+00:00","dateModified":"2018-10-09T11:23:50+00:00","breadcrumb":{"@id":"https:\/\/limage.com.py\/index.php\/producto\/zenith-c-60-para-rm\/#breadcrumb"},"inLanguage":"es-AR","potentialAction":[{"@type":"ReadAction","target":["https:\/\/limage.com.py\/index.php\/producto\/zenith-c-60-para-rm\/"]}]},{"@type":"BreadcrumbList","@id":"https:\/\/limage.com.py\/index.php\/producto\/zenith-c-60-para-rm\/#breadcrumb","itemListElement":[{"@type":"ListItem","position":1,"name":"Inicio","item":"http:\/\/limage.com.py\/"},{"@type":"ListItem","position":2,"name":"Productos","item":"http:\/\/limage.com.py\/index.php\/shop\/"},{"@type":"ListItem","position":3,"name":"Zenith C-60 para RM"}]}]}},"amp_enabled":true,"_links":{"self":[{"href":"https:\/\/limage.com.py\/index.php\/wp-json\/wp\/v2\/product\/837"}],"collection":[{"href":"https:\/\/limage.com.py\/index.php\/wp-json\/wp\/v2\/product"}],"about":[{"href":"https:\/\/limage.com.py\/index.php\/wp-json\/wp\/v2\/types\/product"}],"replies":[{"embeddable":true,"href":"https:\/\/limage.com.py\/index.php\/wp-json\/wp\/v2\/comments?post=837"}],"wp:featuredmedia":[{"embeddable":true,"href":"https:\/\/limage.com.py\/index.php\/wp-json\/wp\/v2\/media\/1033"}],"wp:attachment":[{"href":"https:\/\/limage.com.py\/index.php\/wp-json\/wp\/v2\/media?parent=837"}],"curies":[{"name":"wp","href":"https:\/\/api.w.org\/{rel}","templated":true}]}}