{"id":831,"date":"2018-08-01T18:55:47","date_gmt":"2018-08-01T21:55:47","guid":{"rendered":"http:\/\/limagesrl.com.ar\/?post_type=product&#038;p=831"},"modified":"2020-01-31T19:33:19","modified_gmt":"2020-01-31T19:33:19","slug":"contec-kt88-2400","status":"publish","type":"product","link":"https:\/\/limage.com.py\/index.php\/producto\/contec-kt88-2400\/","title":{"rendered":"Contec KT88"},"content":{"rendered":"","protected":false},"excerpt":{"rendered":"<p>El mapeo digital de actividad el\u00e9ctrica cerebral KT88 recolecta la se\u00f1al EEG con electrodos, a trav\u00e9s de amplificaci\u00f3n integrada, transformaci\u00f3n A \/ D, autoan\u00e1lisis de PC, FFT, para formar un electroencefalograma que se muestra con profundidad de color. El producto es aplicable para controlar enfermedades como la epilepsia, la inflamaci\u00f3n intracraneal, las enfermedades cerebrovasculares y los tumores cerebrales.<\/p>\n<p>&nbsp;<\/p>\n<p><strong>Principales caracter\u00edsticas<\/strong><\/p>\n<p>\u25c6 16 canales de EEG + 2 canales de ECG (ECG es opcional)<\/p>\n<p>\u25c6 Velocidad de muestreo: 100 puntos \/ s<\/p>\n<p>\u25c6 Precisi\u00f3n: 12 bits<\/p>\n<p>\u25c6 Impedancia de entrada: \u226510M\u03a9<\/p>\n<p>\u25c6 Corriente de fuga del paciente: &lt;10 \u00b5A<\/p>\n<p>\u25c6 Nivel de ruido: \u22645\u00b5Vp-p<\/p>\n<p>\u25c6 CMRR: \u226590dB<\/p>\n<p>\u25c6 Aumento m\u00faltiple: 10000<\/p>\n<p>\u25c6 Filtro constante: todas las promulgaciones digitales y gratuitas<\/p>\n<p>\u25c6 Velocidad de visualizaci\u00f3n (velocidad del papel): 5, 10, 15, 30, 60, 120 mm \/ s<\/p>\n<p>\u25c6 Amplitud: 1, 1.5, 2, 3, 5, 7.5, 10, 12, 15, 20, 30, 50 mm \/ 50\u00b5V<\/p>\n<p>\u25c6 Velocidad de reproducci\u00f3n: 1 vez, 2 veces, 3 veces, 10 veces, 20 veces, 40 veces, 60 veces<\/p>\n<p>\u25c6 Supresi\u00f3n de interferencia de 50Hz: \u226530dB<\/p>\n<p>\u25c6 Tipo de seguridad: clase II, parte aplicada tipo BF<\/p>\n","protected":false},"featured_media":1014,"comment_status":"closed","ping_status":"closed","template":"","meta":[],"yoast_head":"<!-- This site is optimized with the Yoast SEO plugin v19.1 - https:\/\/yoast.com\/wordpress\/plugins\/seo\/ -->\n<title>Contec KT88 ~ Limage S.R.L<\/title>\n<meta name=\"robots\" content=\"index, follow, max-snippet:-1, max-image-preview:large, max-video-preview:-1\" \/>\n<link rel=\"canonical\" href=\"https:\/\/limage.com.py\/index.php\/producto\/contec-kt88-2400\/\" \/>\n<meta property=\"og:locale\" content=\"es_ES\" \/>\n<meta property=\"og:type\" content=\"article\" \/>\n<meta property=\"og:title\" content=\"Contec KT88 ~ Limage S.R.L\" \/>\n<meta property=\"og:description\" content=\"El mapeo digital de actividad el\u00e9ctrica cerebral KT88 recolecta la se\u00f1al EEG con electrodos, a trav\u00e9s de amplificaci\u00f3n integrada, transformaci\u00f3n A \/ D, autoan\u00e1lisis de PC, FFT, para formar un electroencefalograma que se muestra con profundidad de color. El producto es aplicable para controlar enfermedades como la epilepsia, la inflamaci\u00f3n intracraneal, las enfermedades cerebrovasculares y los tumores cerebrales.  &nbsp;  Principales caracter\u00edsticas  \u25c6 16 canales de EEG + 2 canales de ECG (ECG es opcional)  \u25c6 Velocidad de muestreo: 100 puntos \/ s  \u25c6 Precisi\u00f3n: 12 bits  \u25c6 Impedancia de entrada: \u226510M\u03a9  \u25c6 Corriente de fuga del paciente: &lt;10 \u00b5A  \u25c6 Nivel de ruido: \u22645\u00b5Vp-p  \u25c6 CMRR: \u226590dB  \u25c6 Aumento m\u00faltiple: 10000  \u25c6 Filtro constante: todas las promulgaciones digitales y gratuitas  \u25c6 Velocidad de visualizaci\u00f3n (velocidad del papel): 5, 10, 15, 30, 60, 120 mm \/ s  \u25c6 Amplitud: 1, 1.5, 2, 3, 5, 7.5, 10, 12, 15, 20, 30, 50 mm \/ 50\u00b5V  \u25c6 Velocidad de reproducci\u00f3n: 1 vez, 2 veces, 3 veces, 10 veces, 20 veces, 40 veces, 60 veces  \u25c6 Supresi\u00f3n de interferencia de 50Hz: \u226530dB  \u25c6 Tipo de seguridad: clase II, parte aplicada tipo BF\" \/>\n<meta property=\"og:url\" content=\"https:\/\/limage.com.py\/index.php\/producto\/contec-kt88-2400\/\" \/>\n<meta property=\"og:site_name\" content=\"Limage S.R.L\" \/>\n<meta property=\"article:modified_time\" content=\"2020-01-31T19:33:19+00:00\" \/>\n<meta property=\"og:image\" content=\"https:\/\/limage.com.py\/wp-content\/uploads\/2018\/08\/kt88.jpg\" \/>\n\t<meta property=\"og:image:width\" content=\"578\" \/>\n\t<meta property=\"og:image:height\" content=\"515\" \/>\n\t<meta property=\"og:image:type\" content=\"image\/jpeg\" \/>\n<meta name=\"twitter:card\" content=\"summary_large_image\" \/>\n<script type=\"application\/ld+json\" class=\"yoast-schema-graph\">{\"@context\":\"https:\/\/schema.org\",\"@graph\":[{\"@type\":\"WebSite\",\"@id\":\"http:\/\/limage.com.py\/#website\",\"url\":\"http:\/\/limage.com.py\/\",\"name\":\"Limage S.R.L\",\"description\":\"Tecnologia Medica\",\"potentialAction\":[{\"@type\":\"SearchAction\",\"target\":{\"@type\":\"EntryPoint\",\"urlTemplate\":\"http:\/\/limage.com.py\/?s={search_term_string}\"},\"query-input\":\"required name=search_term_string\"}],\"inLanguage\":\"es-AR\"},{\"@type\":\"ImageObject\",\"inLanguage\":\"es-AR\",\"@id\":\"https:\/\/limage.com.py\/index.php\/producto\/contec-kt88-2400\/#primaryimage\",\"url\":\"https:\/\/limage.com.py\/wp-content\/uploads\/2018\/08\/kt88.jpg\",\"contentUrl\":\"https:\/\/limage.com.py\/wp-content\/uploads\/2018\/08\/kt88.jpg\",\"width\":578,\"height\":515},{\"@type\":\"WebPage\",\"@id\":\"https:\/\/limage.com.py\/index.php\/producto\/contec-kt88-2400\/#webpage\",\"url\":\"https:\/\/limage.com.py\/index.php\/producto\/contec-kt88-2400\/\",\"name\":\"Contec KT88 ~ Limage S.R.L\",\"isPartOf\":{\"@id\":\"http:\/\/limage.com.py\/#website\"},\"primaryImageOfPage\":{\"@id\":\"https:\/\/limage.com.py\/index.php\/producto\/contec-kt88-2400\/#primaryimage\"},\"datePublished\":\"2018-08-01T21:55:47+00:00\",\"dateModified\":\"2020-01-31T19:33:19+00:00\",\"breadcrumb\":{\"@id\":\"https:\/\/limage.com.py\/index.php\/producto\/contec-kt88-2400\/#breadcrumb\"},\"inLanguage\":\"es-AR\",\"potentialAction\":[{\"@type\":\"ReadAction\",\"target\":[\"https:\/\/limage.com.py\/index.php\/producto\/contec-kt88-2400\/\"]}]},{\"@type\":\"BreadcrumbList\",\"@id\":\"https:\/\/limage.com.py\/index.php\/producto\/contec-kt88-2400\/#breadcrumb\",\"itemListElement\":[{\"@type\":\"ListItem\",\"position\":1,\"name\":\"Inicio\",\"item\":\"http:\/\/limage.com.py\/\"},{\"@type\":\"ListItem\",\"position\":2,\"name\":\"Productos\",\"item\":\"http:\/\/limage.com.py\/index.php\/shop\/\"},{\"@type\":\"ListItem\",\"position\":3,\"name\":\"Contec KT88\"}]}]}<\/script>\n<!-- \/ Yoast SEO plugin. -->","yoast_head_json":{"title":"Contec KT88 ~ Limage S.R.L","robots":{"index":"index","follow":"follow","max-snippet":"max-snippet:-1","max-image-preview":"max-image-preview:large","max-video-preview":"max-video-preview:-1"},"canonical":"https:\/\/limage.com.py\/index.php\/producto\/contec-kt88-2400\/","og_locale":"es_ES","og_type":"article","og_title":"Contec KT88 ~ Limage S.R.L","og_description":"El mapeo digital de actividad el\u00e9ctrica cerebral KT88 recolecta la se\u00f1al EEG con electrodos, a trav\u00e9s de amplificaci\u00f3n integrada, transformaci\u00f3n A \/ D, autoan\u00e1lisis de PC, FFT, para formar un electroencefalograma que se muestra con profundidad de color. El producto es aplicable para controlar enfermedades como la epilepsia, la inflamaci\u00f3n intracraneal, las enfermedades cerebrovasculares y los tumores cerebrales.  &nbsp;  Principales caracter\u00edsticas  \u25c6 16 canales de EEG + 2 canales de ECG (ECG es opcional)  \u25c6 Velocidad de muestreo: 100 puntos \/ s  \u25c6 Precisi\u00f3n: 12 bits  \u25c6 Impedancia de entrada: \u226510M\u03a9  \u25c6 Corriente de fuga del paciente: &lt;10 \u00b5A  \u25c6 Nivel de ruido: \u22645\u00b5Vp-p  \u25c6 CMRR: \u226590dB  \u25c6 Aumento m\u00faltiple: 10000  \u25c6 Filtro constante: todas las promulgaciones digitales y gratuitas  \u25c6 Velocidad de visualizaci\u00f3n (velocidad del papel): 5, 10, 15, 30, 60, 120 mm \/ s  \u25c6 Amplitud: 1, 1.5, 2, 3, 5, 7.5, 10, 12, 15, 20, 30, 50 mm \/ 50\u00b5V  \u25c6 Velocidad de reproducci\u00f3n: 1 vez, 2 veces, 3 veces, 10 veces, 20 veces, 40 veces, 60 veces  \u25c6 Supresi\u00f3n de interferencia de 50Hz: \u226530dB  \u25c6 Tipo de seguridad: clase II, parte aplicada tipo BF","og_url":"https:\/\/limage.com.py\/index.php\/producto\/contec-kt88-2400\/","og_site_name":"Limage S.R.L","article_modified_time":"2020-01-31T19:33:19+00:00","og_image":[{"width":578,"height":515,"url":"https:\/\/limage.com.py\/wp-content\/uploads\/2018\/08\/kt88.jpg","type":"image\/jpeg"}],"twitter_card":"summary_large_image","schema":{"@context":"https:\/\/schema.org","@graph":[{"@type":"WebSite","@id":"http:\/\/limage.com.py\/#website","url":"http:\/\/limage.com.py\/","name":"Limage S.R.L","description":"Tecnologia Medica","potentialAction":[{"@type":"SearchAction","target":{"@type":"EntryPoint","urlTemplate":"http:\/\/limage.com.py\/?s={search_term_string}"},"query-input":"required name=search_term_string"}],"inLanguage":"es-AR"},{"@type":"ImageObject","inLanguage":"es-AR","@id":"https:\/\/limage.com.py\/index.php\/producto\/contec-kt88-2400\/#primaryimage","url":"https:\/\/limage.com.py\/wp-content\/uploads\/2018\/08\/kt88.jpg","contentUrl":"https:\/\/limage.com.py\/wp-content\/uploads\/2018\/08\/kt88.jpg","width":578,"height":515},{"@type":"WebPage","@id":"https:\/\/limage.com.py\/index.php\/producto\/contec-kt88-2400\/#webpage","url":"https:\/\/limage.com.py\/index.php\/producto\/contec-kt88-2400\/","name":"Contec KT88 ~ Limage S.R.L","isPartOf":{"@id":"http:\/\/limage.com.py\/#website"},"primaryImageOfPage":{"@id":"https:\/\/limage.com.py\/index.php\/producto\/contec-kt88-2400\/#primaryimage"},"datePublished":"2018-08-01T21:55:47+00:00","dateModified":"2020-01-31T19:33:19+00:00","breadcrumb":{"@id":"https:\/\/limage.com.py\/index.php\/producto\/contec-kt88-2400\/#breadcrumb"},"inLanguage":"es-AR","potentialAction":[{"@type":"ReadAction","target":["https:\/\/limage.com.py\/index.php\/producto\/contec-kt88-2400\/"]}]},{"@type":"BreadcrumbList","@id":"https:\/\/limage.com.py\/index.php\/producto\/contec-kt88-2400\/#breadcrumb","itemListElement":[{"@type":"ListItem","position":1,"name":"Inicio","item":"http:\/\/limage.com.py\/"},{"@type":"ListItem","position":2,"name":"Productos","item":"http:\/\/limage.com.py\/index.php\/shop\/"},{"@type":"ListItem","position":3,"name":"Contec KT88"}]}]}},"amp_enabled":true,"_links":{"self":[{"href":"https:\/\/limage.com.py\/index.php\/wp-json\/wp\/v2\/product\/831"}],"collection":[{"href":"https:\/\/limage.com.py\/index.php\/wp-json\/wp\/v2\/product"}],"about":[{"href":"https:\/\/limage.com.py\/index.php\/wp-json\/wp\/v2\/types\/product"}],"replies":[{"embeddable":true,"href":"https:\/\/limage.com.py\/index.php\/wp-json\/wp\/v2\/comments?post=831"}],"wp:featuredmedia":[{"embeddable":true,"href":"https:\/\/limage.com.py\/index.php\/wp-json\/wp\/v2\/media\/1014"}],"wp:attachment":[{"href":"https:\/\/limage.com.py\/index.php\/wp-json\/wp\/v2\/media?parent=831"}],"curies":[{"name":"wp","href":"https:\/\/api.w.org\/{rel}","templated":true}]}}