{"id":812,"date":"2018-08-01T17:38:56","date_gmt":"2018-08-01T20:38:56","guid":{"rendered":"http:\/\/limagesrl.com.ar\/?post_type=product&#038;p=812"},"modified":"2018-10-09T11:14:33","modified_gmt":"2018-10-09T14:14:33","slug":"sp-800","status":"publish","type":"product","link":"https:\/\/limage.com.py\/index.php\/producto\/sp-800\/","title":{"rendered":"SP 800"},"content":{"rendered":"","protected":false},"excerpt":{"rendered":"<p>SP-800 es una bomba de infusi\u00f3n volum\u00e9trica muy econ\u00f3mica, construida para una operaci\u00f3n segura y f\u00e1cil. Cuenta con la velocidad de perfusi\u00f3n\u00a0 precisa que\u00a0 garantiza la seguridad del paciente y el efecto terap\u00e9utico \u00f3ptimo.<\/p>\n<p>Caracter\u00edsticas:<\/p>\n<ul>\n<li>\u00danica en su\u00a0 dise\u00f1o sin puerta<\/li>\n<li>Pantalla LCD<\/li>\n<li>Entrega correcta de l\u00edquido<\/li>\n<li>Velocidad de infusi\u00f3n\u00a0 variable<\/li>\n<li>construido con bater\u00eda de litio recargable<\/li>\n<li>Las alarmas de audio: Al finalizar la infusi\u00f3n, la oclusi\u00f3n, burbuja de aire, bater\u00eda baja, el control anormal, error de instalaci\u00f3n, el suministro de corriente alterna.<\/li>\n<\/ul>\n<p>Especificaciones:<\/p>\n<ul>\n<li>Bolo: 600ml\/h<\/li>\n<li>Rango de la tasa de flujo: 1-2000ml\/h<\/li>\n<li>L\u00edmite de volumen: 1-9999ml<\/li>\n<li>Precisi\u00f3n:\u00b15%<\/li>\n<li>Dimensi\u00f3n: 120mmx140mmx190mm<\/li>\n<li>Peso neto:2.5kg<\/li>\n<\/ul>\n<a class=\"maxbutton-1 maxbutton maxbutton-desfri\" target=\"_blank\" rel=\"noopener\" href=\"http:\/\/limagesrl.com.ar\/wp-content\/uploads\/2018\/10\/Bombas-de-Infusi\u00f3n-y-Perfusi\u00f3n-SP-950.pdf\"><span class='mb-text'>Ficha T\u00e9cnica<\/span><\/a>\n","protected":false},"featured_media":1215,"comment_status":"closed","ping_status":"closed","template":"","meta":[],"yoast_head":"<!-- This site is optimized with the Yoast SEO plugin v19.1 - https:\/\/yoast.com\/wordpress\/plugins\/seo\/ -->\n<title>SP 800 ~ Limage S.R.L<\/title>\n<meta name=\"robots\" content=\"index, follow, max-snippet:-1, max-image-preview:large, max-video-preview:-1\" \/>\n<link rel=\"canonical\" href=\"https:\/\/limage.com.py\/index.php\/producto\/sp-800\/\" \/>\n<meta property=\"og:locale\" content=\"es_ES\" \/>\n<meta property=\"og:type\" content=\"article\" \/>\n<meta property=\"og:title\" content=\"SP 800 ~ Limage S.R.L\" \/>\n<meta property=\"og:description\" content=\"SP-800 es una bomba de infusi\u00f3n volum\u00e9trica muy econ\u00f3mica, construida para una operaci\u00f3n segura y f\u00e1cil. Cuenta con la velocidad de perfusi\u00f3n\u00a0 precisa que\u00a0 garantiza la seguridad del paciente y el efecto terap\u00e9utico \u00f3ptimo.  Caracter\u00edsticas:   \u00danica en su\u00a0 dise\u00f1o sin puerta  Pantalla LCD  Entrega correcta de l\u00edquido  Velocidad de infusi\u00f3n\u00a0 variable  construido con bater\u00eda de litio recargable  Las alarmas de audio: Al finalizar la infusi\u00f3n, la oclusi\u00f3n, burbuja de aire, bater\u00eda baja, el control anormal, error de instalaci\u00f3n, el suministro de corriente alterna.  Especificaciones:   Bolo: 600ml\/h  Rango de la tasa de flujo: 1-2000ml\/h  L\u00edmite de volumen: 1-9999ml  Precisi\u00f3n:\u00b15%  Dimensi\u00f3n: 120mmx140mmx190mm  Peso neto:2.5kg\" \/>\n<meta property=\"og:url\" content=\"https:\/\/limage.com.py\/index.php\/producto\/sp-800\/\" \/>\n<meta property=\"og:site_name\" content=\"Limage S.R.L\" \/>\n<meta property=\"article:modified_time\" content=\"2018-10-09T14:14:33+00:00\" \/>\n<meta property=\"og:image\" content=\"https:\/\/limage.com.py\/wp-content\/uploads\/2018\/08\/SP800.jpg\" \/>\n\t<meta property=\"og:image:width\" content=\"475\" \/>\n\t<meta property=\"og:image:height\" content=\"408\" \/>\n\t<meta property=\"og:image:type\" content=\"image\/jpeg\" \/>\n<meta name=\"twitter:card\" content=\"summary_large_image\" \/>\n<script type=\"application\/ld+json\" class=\"yoast-schema-graph\">{\"@context\":\"https:\/\/schema.org\",\"@graph\":[{\"@type\":\"WebSite\",\"@id\":\"http:\/\/limage.com.py\/#website\",\"url\":\"http:\/\/limage.com.py\/\",\"name\":\"Limage S.R.L\",\"description\":\"Tecnologia Medica\",\"potentialAction\":[{\"@type\":\"SearchAction\",\"target\":{\"@type\":\"EntryPoint\",\"urlTemplate\":\"http:\/\/limage.com.py\/?s={search_term_string}\"},\"query-input\":\"required name=search_term_string\"}],\"inLanguage\":\"es-AR\"},{\"@type\":\"ImageObject\",\"inLanguage\":\"es-AR\",\"@id\":\"https:\/\/limage.com.py\/index.php\/producto\/sp-800\/#primaryimage\",\"url\":\"https:\/\/limage.com.py\/wp-content\/uploads\/2018\/08\/SP800.jpg\",\"contentUrl\":\"https:\/\/limage.com.py\/wp-content\/uploads\/2018\/08\/SP800.jpg\",\"width\":475,\"height\":408},{\"@type\":\"WebPage\",\"@id\":\"https:\/\/limage.com.py\/index.php\/producto\/sp-800\/#webpage\",\"url\":\"https:\/\/limage.com.py\/index.php\/producto\/sp-800\/\",\"name\":\"SP 800 ~ Limage S.R.L\",\"isPartOf\":{\"@id\":\"http:\/\/limage.com.py\/#website\"},\"primaryImageOfPage\":{\"@id\":\"https:\/\/limage.com.py\/index.php\/producto\/sp-800\/#primaryimage\"},\"datePublished\":\"2018-08-01T20:38:56+00:00\",\"dateModified\":\"2018-10-09T14:14:33+00:00\",\"breadcrumb\":{\"@id\":\"https:\/\/limage.com.py\/index.php\/producto\/sp-800\/#breadcrumb\"},\"inLanguage\":\"es-AR\",\"potentialAction\":[{\"@type\":\"ReadAction\",\"target\":[\"https:\/\/limage.com.py\/index.php\/producto\/sp-800\/\"]}]},{\"@type\":\"BreadcrumbList\",\"@id\":\"https:\/\/limage.com.py\/index.php\/producto\/sp-800\/#breadcrumb\",\"itemListElement\":[{\"@type\":\"ListItem\",\"position\":1,\"name\":\"Inicio\",\"item\":\"http:\/\/limage.com.py\/\"},{\"@type\":\"ListItem\",\"position\":2,\"name\":\"Productos\",\"item\":\"http:\/\/limage.com.py\/index.php\/shop\/\"},{\"@type\":\"ListItem\",\"position\":3,\"name\":\"SP 800\"}]}]}<\/script>\n<!-- \/ Yoast SEO plugin. -->","yoast_head_json":{"title":"SP 800 ~ Limage S.R.L","robots":{"index":"index","follow":"follow","max-snippet":"max-snippet:-1","max-image-preview":"max-image-preview:large","max-video-preview":"max-video-preview:-1"},"canonical":"https:\/\/limage.com.py\/index.php\/producto\/sp-800\/","og_locale":"es_ES","og_type":"article","og_title":"SP 800 ~ Limage S.R.L","og_description":"SP-800 es una bomba de infusi\u00f3n volum\u00e9trica muy econ\u00f3mica, construida para una operaci\u00f3n segura y f\u00e1cil. Cuenta con la velocidad de perfusi\u00f3n\u00a0 precisa que\u00a0 garantiza la seguridad del paciente y el efecto terap\u00e9utico \u00f3ptimo.  Caracter\u00edsticas:   \u00danica en su\u00a0 dise\u00f1o sin puerta  Pantalla LCD  Entrega correcta de l\u00edquido  Velocidad de infusi\u00f3n\u00a0 variable  construido con bater\u00eda de litio recargable  Las alarmas de audio: Al finalizar la infusi\u00f3n, la oclusi\u00f3n, burbuja de aire, bater\u00eda baja, el control anormal, error de instalaci\u00f3n, el suministro de corriente alterna.  Especificaciones:   Bolo: 600ml\/h  Rango de la tasa de flujo: 1-2000ml\/h  L\u00edmite de volumen: 1-9999ml  Precisi\u00f3n:\u00b15%  Dimensi\u00f3n: 120mmx140mmx190mm  Peso neto:2.5kg","og_url":"https:\/\/limage.com.py\/index.php\/producto\/sp-800\/","og_site_name":"Limage S.R.L","article_modified_time":"2018-10-09T14:14:33+00:00","og_image":[{"width":475,"height":408,"url":"https:\/\/limage.com.py\/wp-content\/uploads\/2018\/08\/SP800.jpg","type":"image\/jpeg"}],"twitter_card":"summary_large_image","schema":{"@context":"https:\/\/schema.org","@graph":[{"@type":"WebSite","@id":"http:\/\/limage.com.py\/#website","url":"http:\/\/limage.com.py\/","name":"Limage S.R.L","description":"Tecnologia Medica","potentialAction":[{"@type":"SearchAction","target":{"@type":"EntryPoint","urlTemplate":"http:\/\/limage.com.py\/?s={search_term_string}"},"query-input":"required name=search_term_string"}],"inLanguage":"es-AR"},{"@type":"ImageObject","inLanguage":"es-AR","@id":"https:\/\/limage.com.py\/index.php\/producto\/sp-800\/#primaryimage","url":"https:\/\/limage.com.py\/wp-content\/uploads\/2018\/08\/SP800.jpg","contentUrl":"https:\/\/limage.com.py\/wp-content\/uploads\/2018\/08\/SP800.jpg","width":475,"height":408},{"@type":"WebPage","@id":"https:\/\/limage.com.py\/index.php\/producto\/sp-800\/#webpage","url":"https:\/\/limage.com.py\/index.php\/producto\/sp-800\/","name":"SP 800 ~ Limage S.R.L","isPartOf":{"@id":"http:\/\/limage.com.py\/#website"},"primaryImageOfPage":{"@id":"https:\/\/limage.com.py\/index.php\/producto\/sp-800\/#primaryimage"},"datePublished":"2018-08-01T20:38:56+00:00","dateModified":"2018-10-09T14:14:33+00:00","breadcrumb":{"@id":"https:\/\/limage.com.py\/index.php\/producto\/sp-800\/#breadcrumb"},"inLanguage":"es-AR","potentialAction":[{"@type":"ReadAction","target":["https:\/\/limage.com.py\/index.php\/producto\/sp-800\/"]}]},{"@type":"BreadcrumbList","@id":"https:\/\/limage.com.py\/index.php\/producto\/sp-800\/#breadcrumb","itemListElement":[{"@type":"ListItem","position":1,"name":"Inicio","item":"http:\/\/limage.com.py\/"},{"@type":"ListItem","position":2,"name":"Productos","item":"http:\/\/limage.com.py\/index.php\/shop\/"},{"@type":"ListItem","position":3,"name":"SP 800"}]}]}},"amp_enabled":true,"_links":{"self":[{"href":"https:\/\/limage.com.py\/index.php\/wp-json\/wp\/v2\/product\/812"}],"collection":[{"href":"https:\/\/limage.com.py\/index.php\/wp-json\/wp\/v2\/product"}],"about":[{"href":"https:\/\/limage.com.py\/index.php\/wp-json\/wp\/v2\/types\/product"}],"replies":[{"embeddable":true,"href":"https:\/\/limage.com.py\/index.php\/wp-json\/wp\/v2\/comments?post=812"}],"wp:featuredmedia":[{"embeddable":true,"href":"https:\/\/limage.com.py\/index.php\/wp-json\/wp\/v2\/media\/1215"}],"wp:attachment":[{"href":"https:\/\/limage.com.py\/index.php\/wp-json\/wp\/v2\/media?parent=812"}],"curies":[{"name":"wp","href":"https:\/\/api.w.org\/{rel}","templated":true}]}}